ctors of f?
139
Suppose -5*r + 25 = 0, l - 4*r + 36 = 3*l. Let c(u) = 1 - 9 + 2 + 10*u. What are the prime factors of c(l)?
2, 37
Let r(f) = 3*f**3 + f**2 - f - 2. List the prime factors of r(2).
2, 3
Let m = 2807 - 1728. What are the prime factors of m?
13, 83
Suppose p - 48 = -2*p. Suppose 8*m = 392 + p. List the prime factors of m.
3, 17
Let s(l) = -l**3 - 7*l**2 - 2*l + 9. Let w be s(-7). Let g(h) = -h**2 - 13*h + 3. Let m be g(-7). Let f = m - w. What are the prime factors of f?
2, 11
Suppose -21*d - 308 = -22*d. List the prime factors of d.
2, 7, 11
List the prime factors of -5 - -6 - (-387)/1.
2, 97
Let t = 2550 - 985. What are the prime factors of t?
5, 313
Let k = -6 + 11. Let g = k + 19. What are the prime factors of g/32 + (-65)/(-4)?
17
Suppose -489 = 14*j + 211. Let d = 46 - j. What are the prime factors of d?
2, 3
Suppose -5*q + y + 547 = 119, 5*q = 5*y + 420. List the prime factors of q.
2, 43
Let k(y) = -y**2 - 5*y + 1. Let h(q) = -1. Let z(a) = 3*h(a) + k(a). Let g be z(-2). What are the prime factors of (-16)/(-3)*6/g?
2
Let r be -1 + 22/4 - 1/(-2). Suppose -r*h + h = -5*l - 484, h = -2*l + 134. List the prime factors of h.
2, 3, 7
Let r = -1231 - -3533. What are the prime factors of r?
2, 1151
Suppose -4*r - r = -5*t - 60, 0 = 5*t - 2*r + 69. What are the prime factors of 12/t + (-108)/(-10)?
2, 5
Let c(j) = 7*j**2 + 20*j - 17. What are the prime factors of c(13)?
2, 23, 31
Suppose -w + 881 + 6 = 5*u, 887 = w + 4*u. Suppose -255 = -8*v - w. Let a = v - -148. What are the prime factors of a?
3, 23
Let h(p) = 5*p**2 - 2*p + 1. Let t be h(1). Let s(k) = 4*k - 5. Let q(b) = -9*b + 11. Let n(u) = 6*q(u) + 14*s(u). List the prime factors of n(t).
2
Let a = 40 - 48. Let l = a - -9. List the prime factors of (30 + -5)*3/l.
3, 5
Let m = 486 + -287. What are the prime factors of m?
199
Suppose 2*q + 2*q - 22 = -2*c, -4*c = -3*q + 22. What are the prime factors of (-231)/q*(-72)/21?
2, 3, 11
Let w(h) = -3*h**2 + 6*h - 7. Let v be w(1). What are the prime factors of (-92 - 4)*v/3 + -2?
2, 3, 7
Let f be 6/(2*3/3). Let v(k) = 15 + k**3 - k**3 + k**f + 10*k**2 + 3*k**2 + 13*k. List the prime factors of v(-12).
3
What are the prime factors of 0/((7 - 3)/(-2)) - -197?
197
Let m(h) = h - 11. Let k be 8 + -2 + 4/2. Let r be m(k). What are the prime factors of (-1887)/(-34)*(-2)/r?
37
Let j = 12 + -7. Suppose -2*m - j*d = -17, -5 = -2*m - d - 0*d. List the prime factors of (53 + -3 + -1)*m.
7
Let y(k) = -3*k**2 - 2*k - 4. Let d be y(-5). Let z = -42 - d. Suppose l + l + z = r, r - 3*l = 30. List the prime factors of r.
3, 7
Suppose 0 = -3*r - 5*r + 264. List the prime factors of r.
3, 11
Let m(t) = 127*t**2 + 12*t - 28. List the prime factors of m(3).
1151
Suppose -3575 = -3*i + 2*x - 511, 2*i - x = 2042. What are the prime factors of i?
2, 3, 5, 17
Let q(r) = -7*r**3 + 5*r**2 + 11*r - 11. Let h(w) = 11*w**3 - 7*w**2 - 17*w + 16. Let b(m) = -5*h(m) - 8*q(m). List the prime factors of b(7).
5, 17
Suppose -5*b - 20 = 0, -3*b - 5 = -j - 13. Let u be (j/(-8) - 1)*-2. Let d(r) = -r**3 - r**2 + 4. List the prime factors of d(u).
2, 11
Suppose 19*j = 29*j - 21780. What are the prime factors of j?
2, 3, 11
What are the prime factors of 1*6/(-24)*(-118536)/6?
11, 449
Let r = 210 - 214. Let m be 2*(26/4 - 1). List the prime factors of m*(-8)/(r + 0).
2, 11
Let a(l) = -l**3 + l**2 - 8*l + 14. Let o be a(-7). Suppose u - 210 = 4*w, 4*u - o = -w + 327. What are the prime factors of ((-10)/6)/((-6)/u)?
5, 11
Let q = 108 + -107. What are the prime factors of 4 - 3 - q - (-66 - 2)?
2, 17
Let h(q) = q**3 + 11*q**2 - 10*q - 14. What are the prime factors of h(-5)?
2, 3, 31
Let k = -69 + -1. Let i be 31/(-2)*-6*(-6)/18. Let r = i - k. List the prime factors of r.
3, 13
Let m(q) = q**3 + 16*q**2 - 6*q + 7. List the prime factors of m(-13).
2, 37
Let r be 4*(-1)/(-2)*1. Suppose -s = 4*h - 54, h - 5*h = r*s - 116. What are the prime factors of s?
2, 31
Let c be (-1482)/(-15) - (-2)/10. Suppose -p = -5, c + 16 = q - 2*p. List the prime factors of q.
5
Let o be -2*36 + (-6 - -9). Let s = 195 + o. Let p = -74 + s. List the prime factors of p.
2, 13
Let r = -145 + 207. Suppose -r = 3*o - 17. Let u = 31 + o. List the prime factors of u.
2
Let y be (1 - (-1)/1)*3/2. Suppose 5*a = -3*h + 250, y*h + 4*a - 246 = a. List the prime factors of h.
2, 5
Let i(r) = -3*r - 1. Let w be i(0). Let o = w - -1. Suppose -2*k + 5*k - 21 = o. What are the prime factors of k?
7
Let w(k) = k**3 + 8*k**2 + 6*k + 1. Suppose 2*s + 21 = -3*u, -3*s - 11 + 2 = 0. What are the prime factors of w(u)?
2, 23
Let f be (2/6)/(10/150). Let l = -66 + 69. Suppose -258 = -3*b + 2*g - 102, -l*b = f*g - 177. List the prime factors of b.
2, 3
Suppose 2*l - 7798 = r, -11*l + 15598 = -7*l - r. List the prime factors of l.
2, 3, 5, 13
Let l = 8635 - 6160. List the prime factors of l.
3, 5, 11
Let q(w) be the first derivative of -w**4/2 - 4*w**3/3 + 3*w**2 - 3*w + 5. Let a be q(-5). List the prime factors of 497/9 + (-26)/a.
5, 11
Let t be -4*((-27)/4)/3 - -3. Suppose 5*h - 70 = 2*o, h + 5*o - 15 + 1 = 0. Let s = t + h. What are the prime factors of s?
2, 13
Let u be (-14)/(-8) - 1/(-4). Suppose u*h = -52 + 472. What are the prime factors of h?
2, 3, 5, 7
Let c(s) = 18*s**2 + 3*s + 1. Let v be c(-4). Suppose -4*t + v + 7 = 0. List the prime factors of t.
71
Let o = 1352 + -625. List the prime factors of o.
727
What are the prime factors of 4 - 2 - 12 - -2299?
3, 7, 109
Suppose 0 = x + y - 508, 5 = -3*y + 2*y. What are the prime factors of x?
3, 19
Let b be ((-472)/(-32) - 5)/(1/(-8)). What are the prime factors of b/(-351) + (0 - 1042/(-9))?
2, 29
Suppose 5*b + 488 = 9*b. Suppose -24 = r - b. What are the prime factors of r?
2, 7
Let r(y) = -20*y - 202. What are the prime factors of r(-24)?
2, 139
Suppose -5*i - o = 1 + 16, 0 = -4*o - 8. Let t(p) = -3*p + 2. Let k(q) = -q + 1. Let z(a) = i*t(a) + 7*k(a). List the prime factors of z(7).
3, 5
Let k(c) = 45*c**2 - 45*c - 352. What are the prime factors of k(-11)?
2, 11, 127
Let j(o) = o**2 + 5*o - 10. Let k be j(-7). Suppose 5*s - k*w = 30 + 165, 115 = 3*s - 2*w. What are the prime factors of s?
5, 7
Suppose -151*p = -150*p - 265. What are the prime factors of p?
5, 53
Let f(z) = z**3 - 4*z**2 + 6*z - 7. Let k(g) = -g - 4. Let j be k(-7). List the prime factors of f(j).
2
Let z(v) = 105*v + 42. List the prime factors of z(8).
2, 3, 7
Let m = -569 - -171. Let f = m - -686. What are the prime factors of f?
2, 3
Suppose 2*w + 10828 = 5*g, 0 = 19*g - 15*g + 4*w - 8668. List the prime factors of g.
2, 3, 19
Suppose -8*u - 49 = -4*u + c, 0 = -u - 4*c - 1. Let h = u - -16. Let p = 7 - h. What are the prime factors of p?
2
Suppose -385 = 50*s - 51*s. What are the prime factors of s?
5, 7, 11
Suppose -2*t = r - 162, 70 = -3*t - 4*r + 308. Let y = t - 33. What are the prime factors of y?
7
Let j(r) = -11*r - 91. What are the prime factors of j(-15)?
2, 37
Let v = 11 - 8. Suppose v*f = b + 25, b + 11 = f - 0*b. Suppose -f*c - 111 = -10*c. List the prime factors of c.
37
Let a(h) = -h**2 - 4*h + 9. Let u be a(-5). Suppose 3*k = 4*t + 15, k + 2*k = -u*t - 9. Suppose 0 = 3*o - o - 3*w - 27, w = -k. List the prime factors of o.
2, 3
Let o(p) = -p**3 - 2*p**2 + 4*p + 6. Let f be o(-3). Suppose -2*i = -q + 12, -5*q + i + 0*i = -24. List the prime factors of (8/2 + q)*f.
2, 3
Suppose 8*l + 11 = -917. Let f = l + 193. What are the prime factors of f?
7, 11
Suppose 6*h = k + 4*h - 2837, 8501 = 3*k - h. List the prime factors of k.
2833
Suppose 5*r + 42 - 17 = -5*z, 0 = -3*r - 5*z - 25. Suppose 3*b + 0*b - 27 = r. What are the prime factors of (10 - 4)*3/b?
2
Suppose 0 = -s - 0 + 5. Suppose -b = -s*y, b + y + 7 = 25. What are the prime factors of b?
3, 5
Let z(y) = -2*y**2 - 18*y - 27. Let f be z(-6). Suppose -3*k = -f - 342. What are the prime factors of k?
3, 13
Let n(t) = -17*t + 23*t + 8 + t**2 - 3. Let x be n(-6). Suppose -x*j = 5*r - 50, -r - 6*j - 2 = -11*j. List the prime factors of r.
2
Suppose 54*a - 24295 - 48713 = 0. What are the prime factors of a?
2, 13
Let a(x) = 7*x**2 + 4*x - 16. Let w be a(4). Let y = w + -97. What are the prime factors of y?
3, 5
Let l = 152 - 76. What are the prime factors of 2*(-2)/(-16) + 8037/l?
2, 53
Suppose -47*o - q = -48*o + 239, -3*o - 4*